e (-361)/(-6) + (-2)/x. Let k = 6 + 6. Calculate the greatest common divisor of k and t.
12
Suppose -6 - 18 = -6*d. Suppose -3*x + 651 = d*x. What is the greatest common factor of 62 and x?
31
Let y = 89 - 81. Calculate the greatest common factor of 15 and y.
1
Let l be (-4)/(3/(-6) - 0). Let h be l/(-6)*3/(-2). Let s = 5 + -2. What is the greatest common divisor of s and h?
1
Suppose -50*s + 36*s = -168. Calculate the greatest common divisor of s and 100.
4
Let i(m) = -m**3 - 69*m**2 + 67. Let j be i(-69). What is the greatest common factor of 2747 and j?
67
Let f = 596 - 564. Calculate the highest common factor of 184 and f.
8
Let w(p) = -p - 1. Let u(r) = 2*r + 1. Let a be u(-3). Let v be w(a). Let c be ((-2)/3)/(5/(-75)). What is the highest common factor of c and v?
2
Let c = -4 - -11. Let f = -7 + c. Suppose f = 4*z - 14 - 34. Calculate the greatest common factor of 108 and z.
12
Suppose 375 = 8*g + 79. Calculate the greatest common divisor of g and 37.
37
Let z(y) = -y**3 + 21*y**2 - 19*y - 12. Let w be z(20). Let b(a) = -2 + 1 + a**2 + 6 + 6 - 9*a. Let j be b(w). What is the highest common factor of j and 6?
3
Let m(i) = 11*i**3 + i**2 - 3*i + 1. Let h be m(1). Let u = -102 + 107. Calculate the greatest common factor of h and u.
5
Suppose -4*g - 5*l = -1 - 11, -3*l - 12 = -4*g. Let k be (-1128)/(-48) + 3/6*1. Calculate the highest common divisor of k and g.
3
Let q = 42 - 89. Let x = 182 + q. What is the highest common divisor of x and 15?
15
Let j be -1 + -1 - (0 + -4 - -4). Let s be (41/(-5) + 1 - j)*-20. Calculate the greatest common divisor of 13 and s.
13
Let j = 4 - 2. Let h be (-176)/(-6) + j/3. Suppose 3*p + 360 = 44*p + 19*p. What is the greatest common divisor of p and h?
6
Suppose 3*h = 6*o - 5*o - 2, 0 = o + 4*h - 23. Calculate the highest common divisor of 13 and o.
1
Let p(l) = 3*l. Suppose -3*u + 29 = 3*k + 8, 1 = 3*u - k. Let r be p(u). Suppose -46 = 4*c - r*c. Calculate the highest common divisor of c and 184.
23
Let p = 21 + -22. Let y be p - (-8 + 2) - -1. Calculate the highest common divisor of y and 30.
6
Suppose 2*j + 30 = -3*j. Let u = j + 28. Let m be (u/4)/((-2)/(-4)). Calculate the highest common divisor of m and 1.
1
Let d(p) = 14*p - 16*p - 10 + 6*p. Let t be d(6). What is the highest common factor of 14 and t?
14
Suppose 0 = 2*u - 4*u + 34. Suppose -3*n = 5 - u. Suppose -5*z + 47 = 4*b - 13, -n*z - 56 = -2*b. Calculate the highest common factor of b and 50.
10
Suppose -4*y + 5*b = -145, 2*b - 46 = -y - 0*y. Suppose -35 = 2*q - 45. What is the highest common divisor of y and q?
5
Suppose 1730 = x + 1724. What is the greatest common factor of x and 474?
6
Let f = -58 + -12. Let t = f - -88. Calculate the highest common divisor of t and 12.
6
Suppose -2*j + 7*j = 25. Suppose -j = -z + 13. Let f = 140 - 14. Calculate the highest common divisor of z and f.
18
Suppose -2*t + 3*f = -1515, 3*t + 35*f - 36*f - 2276 = 0. Calculate the greatest common divisor of t and 69.
69
Let q(a) = 2*a - 100. Let j be q(0). Let y be 3/(-9) - j/3. Calculate the greatest common divisor of y and 11.
11
Let i be (-4)/(-5) + -1 + 60334/970. What is the greatest common factor of 403 and i?
31
Let h = -205 - -214. Calculate the greatest common factor of h and 36.
9
Let f = 50 - 34. Let t = 60 + -30. Let k be ((-16)/(-10))/(2/t). Calculate the greatest common factor of k and f.
8
Let u be (-32)/(-10) + 1/(-5). Let j(i) = 6*i + 0 - u*i - 3. Let d be j(4). Calculate the greatest common divisor of d and 99.
9
Suppose 0 = -u - u. Let g(d) = -3*d**3 - 8*d**2 + 7*d + 8. Let k be g(-4). Let v = u + k. Calculate the highest common divisor of v and 22.
22
Let n(x) = x + 1. Let g(u) = -2*u**2 - 20*u - 9. Let p(b) = g(b) - 5*n(b). Let r be p(-10). What is the highest common divisor of 90 and r?
18
Suppose -2*d - 5*k = 62, -3*k + 116 + 8 = -4*d. Let w = -27 - d. Suppose -n + 18 + w = 0. Calculate the greatest common divisor of n and 11.
11
Let u = 2 - -1. Suppose 0*v = -5*h + 2*v + 52, u*v + 12 = 2*h. Suppose 2*d = -3*y + 18, -4*y - y + 10 = 0. What is the greatest common factor of h and d?
6
Suppose -3*i + 671 = 239. Suppose 2*t = 6*t - i. What is the greatest common divisor of t and 9?
9
Suppose 0*h + 18 = 2*h + 4*f, -57 = -3*h + 4*f. Calculate the greatest common factor of h and 9.
3
Let u(z) = -z**3 - 4*z**2 - 2*z + 4. Let i be u(-5). Let n = i - 23. Let f = 102 + -78. What is the highest common divisor of f and n?
8
Let r be 3 + (2 + -14)*-1. Suppose -13*b + 22 = -r*b. Let g = 22 + b. Calculate the highest common factor of g and 1.
1
Let a = 39 + -30. Suppose 4*c + 3*b = 7*b, 0 = -c - b + 2. What is the greatest common divisor of c and a?
1
Let u be 6 - -2 - 15808/(-52). What is the highest common divisor of 130 and u?
26
Let f(d) = d**3 + 11*d**2 + 7*d - 10. Let q be f(-10). Suppose 4*l + q = 9*l. Suppose 9 = o - l. What is the highest common factor of o and 104?
13
Suppose 0 = -5*h + 2*y + 150, -3*h = 2*h - 5*y - 150. What is the highest common divisor of h and 1545?
15
Let r(x) = -x**3 - 24*x**2 + 94*x - 100. Let z be r(-28). Calculate the highest common factor of 101 and z.
101
Let z(r) = 92*r**2 - 7*r - 10. Let o be z(-2). Calculate the greatest common divisor of 24 and o.
12
Suppose -14*p = -149 - 19. What is the highest common factor of 42 and p?
6
Suppose -2*d - 4*u + 3 = -31, -3*d + 5*u = -7. Let n(w) = 15*w + 3. Let j be n(4). What is the greatest common factor of j and d?
9
Suppose 9*f - 2 = 7*f. Suppose 4*u + 8 = 24. Suppose -5*p = u*a - 34, 4*p + p = -a + f. What is the greatest common divisor of a and 33?
11
Let r be 2/5 - 36/(-10). Suppose -5*l - 5*m = 35 - 20, 0 = 2*l - 5*m - 29. What is the greatest common factor of l and r?
2
Suppose 3*v - 41 = -4*o, -o + 17 = v + 2*o. Suppose v*k + 268 = 972. Calculate the greatest common divisor of k and 16.
16
Suppose 357*v = 348*v + 630. Calculate the greatest common divisor of v and 7.
7
Let i(n) = -n**3 - 10*n**2 - 10*n + 12. Let q be i(-9). Let s = -3 + q. Calculate the greatest common factor of s and 9.
9
Suppose -4*w + 147 = 23. Suppose 2*q + 2*a = 38, q + 3*a - w = 8*a. Calculate the highest common divisor of 105 and q.
21
Let k(c) = -12*c**2 + 2. Let n be k(-2). Let t be (170/(-4))/(23/n). What is the greatest common divisor of t and 34?
17
Let m(l) = l**3 - 26*l**2 - 3*l + 138. Let r be m(26). Calculate the greatest common factor of r and 9.
3
Let y be (-57)/(-399) - 1328/(-14). Calculate the greatest common factor of y and 5.
5
Suppose -4*r + 34 = 4*z + 2, 4*z + 5*r - 35 = 0. Calculate the highest common factor of z and 1.
1
Suppose 3*h + 51 = 2*r - 22, h - 93 = -3*r. Calculate the greatest common divisor of 176 and r.
16
Let c(d) = d - 11 - 2*d**2 + 4*d**2 - 5*d**2 + 4*d**2. Let a be c(4). What is the greatest common factor of 81 and a?
9
Let z be (-13 + -3)/((-9)/27). What is the highest common factor of z and 24?
24
Suppose -3*m - 4*b + 37 = 0, -4*b - 2 = -3*m + 3. Let t be (-18)/12*2/3. Let n be 45 - (t - 3/1). Calculate the greatest common factor of n and m.
7
Suppose -23 - 9 = -o. Let h(q) = q**3 - 4*q**2 + q - 4. Let n be h(4). Suppose -2*i + 32 = -n*i. What is the highest common divisor of i and o?
16
Suppose 0 = h - 3*i - 226, 0 = -5*h - 6*i + 3*i + 1202. What is the highest common factor of h and 51?
17
Suppose 1332 - 108 = 17*q. What is the greatest common divisor of q and 108?
36
Let i be (435/116)/((-1)/(-20)). Suppose -5*u - 2*z + 155 = -3*z, 0 = 4*u + 5*z - 95. What is the highest common divisor of u and i?
15
Let j = -24 - -48. What is the greatest common factor of j and 408?
24
Suppose u - 6*u - 5*b = -10, -5*u = 2*b - 22. Let c = 253 - 247. Calculate the greatest common factor of u and c.
6
Let l = -102 - -141. What is the highest common factor of l and 143?
13
Suppose 0 = -a - 3*c + 27, 4*a = -4*c - c + 94. Let x = -5 + 7. Suppose 5 = w + x. Calculate the highest common divisor of w and a.
3
Suppose 3*x - 19 = -2*n, -5*x + 7 + 20 = 3*n. Suppose 30 = -9*g + 3. Let i be (2 + g)*-37 + -2. What is the highest common divisor of i and n?
7
Suppose 3*o + 3*c = 5*c + 337, 103 = o - 3*c. Let m be (47 + -1)*(-59)/(-118). What is the greatest common divisor of o and m?
23
Let j(s) = s**2 - 4*s - 3. Let y be j(6). Suppose 11 = 2*c - y. Let n = 239 + -139. What is the gr